e h - 5*f + 2 = 0, -f + 1 = -2*h + 6. Suppose h*u - 40 = 2*n, 4*u - 76 = -0*u - 3*n. List the prime factors of u.
2
Let j = -9 + 15. What are the prime factors of j?
2, 3
Suppose 2*m - 3*m - d = 2, 1 = m - 2*d. Let q = 5 + m. List the prime factors of 2/q + (-81)/(-6).
2, 7
Suppose 4*u = -8*n + 4*n, -18 = 4*u - 5*n. Let r be u*3*4/(-6). Let z(b) = 3*b - 6. What are the prime factors of z(r)?
2, 3
Suppose 3*d = 93 - 21. List the prime factors of d.
2, 3
Let h be 6*((-48)/(-9))/(-4). What are the prime factors of h/52 - 184/(-13)?
2, 7
Suppose -14 - 46 = -4*s. Suppose 4*o = -3*r + s + 65, -145 = -5*r + 5*o. What are the prime factors of r?
2, 7
Suppose -322 = -5*n + 2*n + 4*x, 2*n - 5*x = 210. Suppose -5*l + n = -0*l. List the prime factors of l.
2, 11
Let w(i) = -2*i**3 - i**2 + 2*i. Let a be w(-2). Suppose -a*f = -6*f - 16. List the prime factors of f.
2
Let v = 19 + 12. List the prime factors of v.
31
Let u be -4 - -1 - -3 - -2. Suppose -3*o + u*o = -5. Suppose -3*m = o*h - 37, 0*h + 2*h = -2*m + 18. What are the prime factors of h?
5
Let a(d) = -d**3 - 2*d**2 + d - 3. Let p be a(-3). Suppose -p = v - 6. What are the prime factors of v?
3
Let f(m) = m + 11. List the prime factors of f(-5).
2, 3
Suppose 0 = -n - 4, 2*n = 4*r + r - 48. Let o = -3 + r. List the prime factors of o.
5
Let z(i) = -i**3 + 4*i**2 + 7*i. List the prime factors of z(-3).
2, 3, 7
Let n(k) = 3*k**2 - 8*k - 5. What are the prime factors of n(5)?
2, 3, 5
Let h = -70 + 77. List the prime factors of h.
7
Suppose 2*i - 5*i - 8 = -4*c, 4*i = c + 11. Suppose -c*b + 46 = -2*b - n, -2*b + 30 = -n. List the prime factors of b.
2
Let y(j) = -j - 13. Let g be y(-14). Let c(z) = 12*z**2 - z. List the prime factors of c(g).
11
Suppose 3*x = 2*p - 8, -20 = -5*p - 5*x - 0. Let u(q) = q**3 - 2*q**2 + 4*q + 4. What are the prime factors of u(p)?
2, 13
Let h(q) = -q**3 - 4*q**2 + 4*q - 2. Let j be h(-5). Suppose 0 = -3*v - 5*y + 55, -4*v = -0*v - j*y - 54. List the prime factors of v.
3, 5
Let r(d) = d**2 - 7*d - 5. Let n be r(8). Suppose n*j = h - 15, -4*h + 7 - 43 = 4*j. What are the prime factors of (-183)/(-21) + j/(-21)?
3
Let h(i) = 4*i - 8. Let d be h(6). Suppose 0*u = -2*u + d. List the prime factors of u.
2
Let i(h) = -2*h**2 + 4*h**2 - h**3 + h + 4*h**2 - 1. Let r be i(6). Suppose -r*w + 13 = -5*x + 53, -x - 5*w = 4. List the prime factors of x.
2, 3
Let n(c) = 12*c**3. Let r be n(1). Suppose 2*f + 4*h = r + 6, -4*f = 2*h - 30. What are the prime factors of f?
7
Let x = 8 - 5. Let b(n) = 2*n - 1 - n - n**3 - x*n**2 + 0. List the prime factors of b(-4).
11
Let n = -61 + 102. What are the prime factors of n?
41
Suppose 0 = -z - 13. Let v = z + 1. Let q = v + 18. List the prime factors of q.
2, 3
Suppose -3*o + a = -4*a + 31, 5*o + 4*a + 64 = 0. What are the prime factors of -5 - o - (-2 - -1)?
2
Suppose -a + 8 = 3*a. Suppose a*y - 42 = -y. List the prime factors of y.
2, 7
Suppose -2*k + 5 = -7*k. Let d be k - 1 - 14/(-1). Let v = d + -6. What are the prime factors of v?
2, 3
Suppose 384 = -5*f - 21. Let o = -48 - f. List the prime factors of o.
3, 11
Suppose 0 = -2*z - 22. Let r = z - -36. What are the prime factors of r?
5
Let y be 27/(4/(-12)*-1). Let k = -50 + y. What are the prime factors of k?
31
Let g(m) be the first derivative of -m**4/4 + 2*m**3 + m**2 - 4*m - 1. Let u be (-2)/4 - 39/(-6). What are the prime factors of g(u)?
2
Suppose 0 = -m - 24 - 16. What are the prime factors of 1*3 + m/(-4)?
13
Suppose -4*n = -n - 12. Suppose n - 112 = -3*w. What are the prime factors of w?
2, 3
Let d = 9 + -6. Suppose -78 = -4*p - y + 3*y, -3*p - d*y = -63. Suppose 5*u - 18 + 98 = 5*c, -2*c = u - p. List the prime factors of c.
2, 3
Let n(d) be the first derivative of -d**4/4 + d**3 + d**2/2 + 2. List the prime factors of n(3).
3
Let v(x) = -x**3 - 22*x**2 - 3*x - 10. List the prime factors of v(-22).
2, 7
Let a(y) = y**2 + 2*y - 12. List the prime factors of a(-7).
23
Let l(g) = g**2 + 10*g - 11. Let r be l(-11). Let x = r + 9. List the prime factors of x.
3
Suppose -3*o + 3*m = 8*m - 24, -5*m = 0. List the prime factors of o.
2
Suppose 45 = 4*g + 1. List the prime factors of g.
11
Let t = -1 - -6. Suppose -3*z + 9 = -r - 20, t*r - 17 = -3*z. What are the prime factors of z?
3
Suppose 6*r - r = 40. Suppose 4 = -j + 2*z, 3*z - 3 = -j + r. List the prime factors of (1/2)/(j/8).
2
Suppose 2*z - 30 = 12. What are the prime factors of ((-12)/(-2))/(z/14)?
2
Suppose 0 = 2*l + 2*l - 60. Let p = 2 + l. List the prime factors of p.
17
Suppose 3*t = -2*m + 10, -t + 0*t - 4 = -3*m. List the prime factors of m.
2
Suppose 2*d + 38 = 4*v - 0*d, 0 = 3*d + 9. Suppose y + v = 25. What are the prime factors of y?
17
Let b(s) = s**3 - s + 132. Let d be b(0). Suppose 5*a = -d + 52. Let g = -5 - a. List the prime factors of g.
11
Suppose 2*s + 74 = -5*p + 327, -107 = -2*p + 5*s. List the prime factors of p.
3, 17
Suppose -5*f + 10 = 2*b, 5*b + 5 = 2*f - 28. Suppose -3*j + f*j = 46. List the prime factors of j.
2, 23
Let x(w) = -w - 6. Let q be x(-9). Suppose q*u - 13 = -4*k, 8*k - 40 = 3*k + u. List the prime factors of -2 + k + (3 - 2).
2, 3
Suppose 0 = -j - 0*j. Suppose 1 = -u - j. Let y = 6 + u. What are the prime factors of y?
5
Let l(u) be the second derivative of u**5/20 + 2*u**4/3 + u**3/6 + 5*u**2 - 5*u. List the prime factors of l(-8).
2
Let j = -16 - -9. Let q(o) = -2 - 2 - 2*o - 6 + 3. What are the prime factors of q(j)?
7
List the prime factors of (-1)/(-4) + 225/12.
19
Let q = 208 - 143. List the prime factors of q.
5, 13
Suppose -u + 2*v + 102 = 0, 218 = 3*u + 4*v - 88. What are the prime factors of u?
2, 3, 17
Let o(n) = -n**2 + 8*n + 5. Let z be o(8). Suppose -9 = z*l - 214. Let k = l - 29. List the prime factors of k.
2, 3
Suppose 0 = 3*m + b - 193, 279 = 4*m - b - 2*b. What are the prime factors of ((-3)/(-9))/(2/m)?
11
Let m = 21 + 0. What are the prime factors of m?
3, 7
Let l = 19 - 3. Let z = l - -18. Suppose -z + 6 = -4*m. List the prime factors of m.
7
Let y(s) be the first derivative of -4*s + 2 - 3 + s**2 + 3*s. What are the prime factors of y(6)?
11
Let o(g) = g**2 - 2. Let k = -10 + 8. List the prime factors of o(k).
2
Let l(i) = 5*i + 37. What are the prime factors of l(0)?
37
Suppose 4*o + 16 - 208 = 0. Suppose y = -2*y + o. List the prime factors of y.
2
Suppose -150 = -2*b - 3*b. What are the prime factors of (12/b)/((-1)/(-55))?
2, 11
Suppose 2*t = m + 9 - 3, -t - 15 = -5*m. What are the prime factors of t?
5
Let n(q) = -5*q**3 + 5*q**2 - 2*q + 1. Let f(w) = 16*w**3 - 15*w**2 + 5*w - 2. Let b(a) = -2*f(a) - 7*n(a). List the prime factors of b(3).
3, 5
Let y = -11 - -28. Let x = y - 11. What are the prime factors of x?
2, 3
Let q(l) = -4*l - 1. Let v be q(1). Let f be (-154)/(-3) - v/(-15). List the prime factors of 4*(f/12 + 0).
17
Let r = 63 - -99. List the prime factors of r.
2, 3
Let c(t) = -t**3 + 12*t**2 - 12*t + 15. Let q be c(11). Suppose 5*x = 2*x + q*p + 49, -3*x + p + 37 = 0. List the prime factors of x.
11
Suppose 389 = 3*k - 0*x - 2*x, -3*x - 12 = 0. List the prime factors of k.
127
Suppose 0 = 3*w + 4*j - 48, -41 - 7 = -3*w - 2*j. List the prime factors of w.
2
Let d(q) = q**3 - 12*q**2 + 2*q + 16. List the prime factors of d(12).
2, 5
Let m(c) = c - 7. Let s be m(0). Let v = -4 - s. Suppose 0 = -v*o + 12. List the prime factors of o.
2
Let m(c) = -c**2 + 12*c + 5. What are the prime factors of m(10)?
5
Let w(v) = -4*v - 13. List the prime factors of w(-8).
19
Let a(n) be the second derivative of -n**5/20 - n**4/3 + 2*n**3/3 - 4*n**2 + 8*n. List the prime factors of a(-6).
2, 5
Let a(q) = -9*q - 7. List the prime factors of a(-3).
2, 5
Suppose 2*t + 108 = 4*t. What are the prime factors of t?
2, 3
Let b = 52 - 25. List the prime factors of b.
3
Let l = 12 + -9. Suppose -38 = -2*p + 2*b, 2*b - 10 + 63 = l*p. What are the prime factors of p?
3, 5
Let z(c) = 4*c**2 - 4*c - 3. Let h be z(-2). Let u = h + 1. What are the prime factors of u?
2, 11
Let x(v) = v**2 - 3. Let c be x(-3). Let g be c/4 - (-1)/2. Suppose -g*p + 0*u + u + 23 = 0, -p - 4*u = -34. List the prime factors of p.
2, 7
List the prime factors of -4 + 35 + (-9)/(-3).
2, 17
Let z(v) = -v - 1. Let s be z(1). Let m = 20 - s. What are the prime factors of m?
2, 11
Let q(y) = y. Let d(o) = -o**3 - 